(base 11) to base 7
230
Convert -2c (base 15) to base 4.
-222
-7 (base 8) to base 13
-7
What is -13 (base 10) in base 4?
-31
What is -8 (base 15) in base 8?
-10
-2 (base 12) to base 14
-2
-4 (base 12) to base 8
-4
What is 0 (base 7) in base 13?
0
10 (base 2) to base 15
2
Convert 2 (base 14) to base 9.
2
Convert -1111 (base 2) to base 12.
-13
-3 (base 10) to base 3
-10
12 (base 16) to base 10
18
-11011 (base 2) to base 11
-25
0 (base 6) to base 7
0
What is -2 (base 11) in base 9?
-2
Convert 112 (base 8) to base 16.
4a
Convert 2 (base 6) to base 12.
2
What is -8 (base 15) in base 2?
-1000
What is 0 (base 10) in base 7?
0
0 (base 9) to base 12
0
Convert -22 (base 16) to base 5.
-114
-1110 (base 2) to base 15
-e
What is 24 (base 6) in base 7?
22
Convert 64 (base 7) to base 15.
31
Convert -12b (base 16) to base 12.
-20b
What is 5 (base 12) in base 6?
5
44 (base 8) to base 15
26
-14 (base 6) to base 11
-a
89 (base 16) to base 8
211
What is -38 (base 9) in base 3?
-1022
2 (base 6) to base 5
2
What is 1010 (base 3) in base 13?
24
Convert 31 (base 5) to base 11.
15
Convert 13 (base 6) to base 11.
9
Convert -212 (base 3) to base 6.
-35
-12 (base 8) to base 13
-a
Convert 0 (base 15) to base 16.
0
-8 (base 11) to base 10
-8
What is -61 (base 7) in base 13?
-34
Convert 305 (base 7) to base 3.
12122
-1e (base 16) to base 13
-24
What is 54 (base 15) in base 3?
2221
Convert 11 (base 8) to base 7.
12
Convert -156 (base 11) to base 5.
-1212
What is 3 (base 9) in base 10?
3
Convert 5 (base 12) to base 14.
5
-8 (base 16) to base 5
-13
What is -1 (base 7) in base 11?
-1
What is 3 (base 4) in base 8?
3
Convert -51 (base 6) to base 16.
-1f
29 (base 11) to base 13
25
Convert 3 (base 5) to base 6.
3
-41 (base 10) to base 13
-32
-a (base 13) to base 14
-a
-2022 (base 5) to base 15
-127
What is 16 (base 10) in base 13?
13
What is -15 (base 9) in base 4?
-32
Convert 69 (base 11) to base 13.
5a
-10 (base 8) to base 15
-8
2 (base 13) to base 7
2
What is e (base 16) in base 11?
13
0 (base 5) to base 7
0
-143 (base 5) to base 3
-1210
What is 18 (base 12) in base 11?
19
1 (base 10) to base 16
1
2 (base 10) to base 12
2
Convert -100 (base 2) to base 10.
-4
38 (base 10) to base 16
26
Convert 1 (base 9) to base 16.
1
Convert 0 (base 2) to base 6.
0
Convert 201 (base 7) to base 13.
78
a (base 16) to base 2
1010
110 (base 11) to base 3
11220
11 (base 6) to base 9
7
1 (base 13) to base 5
1
What is -156 (base 10) in base 14?
-b2
230 (base 6) to base 15
60
What is -70 (base 15) in base 4?
-1221
-1100001 (base 2) to base 8
-141
Convert -3 (base 4) to base 14.
-3
10 (base 3) to base 10
3
Convert 2 (base 4) to base 14.
2
What is 8 (base 16) in base 11?
8
9 (base 10) to base 12
9
What is -1 (base 8) in base 5?
-1
What is -111110 (base 2) in base 6?
-142
4 (base 8) to base 16
4
4 (base 14) to base 6
4
Convert -10021 (base 3) to base 6.
-224
What is 9 (base 12) in base 10?
9
Convert -55 (base 15) to base 6.
-212
Convert -102 (base 6) to base 15.
-28
34 (base 14) to base 3
1201
3 (base 7) to base 12
3
What is -6 (base 14) in base 6?
-10
Convert -123 (base 7) to base 14.
-4a
What is -19 (base 13) in base 12?
-1a
-1 (base 7) to base 6
-1
100 (base 2) to base 6
4
Convert 1 (base 15) to base 2.
1
-1 (base 11) to base 8
-1
141 (base 16) to base 10
321
3 (base 7) to base 11
3
What is c (base 15) in base 12?
10
6 (base 13) to base 14
6
What is 0 (base 7) in base 15?
0
What is -7 (base 10) in base 3?
-21
What is 1101010 (base 2) in base 6?
254
What is 10 (base 2) in base 7?
2
25 (base 8) to base 9
23
What is 3 (base 10) in base 13?
3
Convert 5 (base 7) to base 16.
5
Convert -116 (base 8) to base 4.
-1032
What is 112212 (base 3) in base 4?
12101
-145 (base 7) to base 13
-64
Convert -5 (base 10) to base 12.
-5
Convert 28 (base 11) to base 13.
24
22 (base 9) to base 13
17
Convert 0 (base 7) to base 5.
0
8 (base 12) to base 6
12
-b (base 13) to base 4
-23
-87 (base 14) to base 12
-9b
-121 (base 6) to base 11
-45
Convert 10 (base 11) to base 13.
b
Convert 11 (base 13) to base 14.
10
What is 110 (base 2) in base 16?
6
25 (base 8) to base 16
15
What is 1101 (base 3) in base 8?
45
What is a (base 16) in base 11?
a
-36 (base 7) to base 15
-1c
What is -11 (base 14) in base 2?
-1111
-3 (base 10) to base 6
-3
What is -10130 (base 4) in base 14?
-164
Convert 2 (base 10) to base 3.
2
Convert 154 (base 13) to base 14.
130
36 (base 10) to base 9
40
What is -5 (base 6) in base 10?
-5
What is 100 (base 3) in base 11?
9
113 (base 4) to base 12
1b
Convert -252 (base 6) to base 8.
-150
Convert -9 (base 11) to base 10.
-9
1 (base 13) to base 9
1
What is -20 (base 9) in base 14?
-14
Convert a (base 13) to base 12.
a
0 (base 5) to base 4
0
-2a (base 14) to base 2
-100110
Convert 0 (base 8) to base 5.
0
-6 (base 9) to base 16
-6
Convert 1 (base 16) to base 8.
1
What is -a (base 14) in base 15?
-a
Convert 2202 (base 3) to base 8.
112
What is 1e (base 16) in base 5?
110
-2 (base 16) to base 9
-2
Convert 2 (base 15) to base 14.
2
Convert -43 (base 5) to base 3.
-212
What is 1a9 (base 12) in base 10?
273
-20 (base 6) to base 9
-13
Convert 531 (base 8) to base 2.
101011001
-10 (base 3) to base 15
-3
What is -2 (base 16) in base 7?
-2
Convert 3b (base 15) to base 12.
48
-14 (base 8) to base 9
-13
What is 11 (base 15) in base 9?
17
-52 (base 9) to base 5
-142
What is 35 (base 10) in base 5?
120
What is -111000 (base 2) in base 9?
-62
What is 103 (base 10) in base 12?
87
Convert 10 (base 7) to base 4.
13
-2 (base 5) to base 14
-2
1 (base 15) to base 11
1
What is 12 (base 7) in base 16?
9
What is -3 (base 11) in base 9?
-3
What is 143 (base 5) in base 10?
48
100000 (base 2) to base 10
32
1 (base 7) to base 15
1
Convert -1 (base 14) to base 13.
-1
100 (base 2) to base 14
4
Convert -5 (base 13) to base 14.
-5
Convert 2 (base 4) to base 6.
2
Convert -2 (base 9) to base 11.
-2
What is 2 (base 8) in base 9?
2
-52 (base 10) to base 2
-110100
What is -2 (base 15) in base 2?
-10
What is 35 (base 7) in base 2?
11010
What is 1 (base 12) in base 15?
1
What is -73 (base 9) in base 16?
-42
Convert -1100 (base 3) to base 6.
-100
What is 2 (base 10) in base 7?
2
267 (base 13) to base 16
1a7
1 (base 2) to base 3
1
5 (base 10) to base 4
11
0 (base 15) to base 4
0
502 (base 7) to base 4
3313
Convert 272 (base 9) to base 7.
443
What is 55 (base 10) in base 15?
3a
Convert 0 (base 9) to base 5.
0
Convert -13 (base 13) to base 16.
-10
-20 (base 4) to base 2
-1000
-8 (base 12) to base 7
-11
-5 (base 8) to base 7
-5
Convert 4 (base 11) to base 3.
11
Convert 1100000 (base 2) to base 4.
1200
40 (base 5) to base 9
22
What is -27 (base 13) in base 14?
-25
110 (base 2) to base 8
6
What is -1 (base 8) in base 16?
-1
Convert -2 (base 4) to base 3.
-2
What is 4 (base 9) in base 16?
4
What is -2 (base 12) in base 2?
-10
2 (base 15) to base 9
2
Convert -2 (base 9) to base 3.
-2
What is 175 (base 9) in base 11?
126
Convert 10010 (base 2) to base 4.
102
Convert 0 (base 15) to base 7.
0
-1c (base 13) to base 5
-100
What is -102 (base 5) in base 9?
-30
Convert -3 (base 5) to base 16.
-3
1010 (base 3) to base 9
33
What is -2 (base 5) in base 2?
-10
-6 (base 7) to base 14
-6
Convert -10110100 (base 2) to base 15.
-c0
Convert 28 (base 13) to base 15.
24
-11 (base 2) to base 6
-3
Convert -19 (base 13) to base 4.
-112
12 (base 7) to base 4
21
What is -6 (base 9) in base 14?
-6
What is 3 (base 11) in base 12?
3
-48 (base 9) to base 4
-230
1 (base 3) to base 8
1
3 (base 5) to base 7
3
Convert -60 (base 9) to base 13.
-42
5 (base 9) to base 16
5
Convert -13 (base 14) to base 5.
-32
2 (base 10) to base 3
2
What is 20010 (base 3) in base 10?
165
Convert -39 (base 11) to base 8.
-52
2 (base 3) to base 6
2
121 (base 5) to base 6
100
Convert 110 (base 2) to base 9.
6
What is 27 (base 10) in base 13?
21
Convert -1 (base 7) to base 15.
-1
12 (base 3) to base 10
5
Convert -344 (base 10) to base 4.
-11120
What is -4 (base 6) in base 9?
-4
140 (base 13) to base 10
221
Convert -1c7 (base 13) to base 4.
-11030
1 (base 16) to base 7
1
-3 (base 15) to base 12
-3
Convert 2 (base 14) to base 8.
2
173 (base 10) to base 15
b8
-13 (base 11) to base 15
-e
What is 7 (base 8) in base 4?
13
What is 13 (base 6) in base 10?
9
Convert 3 (base 15) to base 12.
3
31 (base 6) to base 3
201
Convert 111